ist the prime factors of (a/10)/((-5)/50*-1).
2, 3
Suppose 140 = -46*l + 41*l. Let g = -44 - l. What are the prime factors of g/(-12) - (-356)/3?
2, 3, 5
Suppose -5*d = 3*n - 44669, 2*d - 15 = 5*d. List the prime factors of n.
2, 3, 13, 191
What are the prime factors of 5949 - (-5)/(-15)*(-2 - 1)?
2, 5, 7, 17
Suppose -1443907 = -2160*q + 2101*q. List the prime factors of q.
24473
Let q(w) = 2*w**3 + w**2 - w - 1. Let g be q(-1). List the prime factors of 5934/92*(7 + g).
3, 43
Let u(x) = -2*x**2 - 57*x - 7. Let g be u(17). Let n = -925 - g. List the prime factors of n.
17, 37
Let k be ((-60)/(-14))/(4/56). Let o be (1/3)/(10/(-60)). List the prime factors of 5*(o - k/(-25)).
2
Let x(z) = -59*z - 24. Let l be x(-3). Let t = 54 + l. What are the prime factors of t?
3, 23
Let u = 106289 + -71358. What are the prime factors of u?
13, 2687
Let y be (-16)/(-24) - (-52)/(-6). Let f(k) = -17*k - 99. What are the prime factors of f(y)?
37
Let f(v) = -5*v + 2. Let j be f(-6). Let z(k) = -2*k**2 + 2*k + 10. Let q be z(-2). List the prime factors of q - (1 - 1) - j*-3.
2, 47
Suppose 73*p - 2820058 - 262544 = -527967. What are the prime factors of p?
3, 5, 2333
Suppose -5*d + 10*d - g - 12 = 0, 3*d = 5*g - 6. Suppose 1834 = d*y - 134. What are the prime factors of y?
2, 41
Let d(x) = -x**3 + 26*x**2 - 26*x + 25. Let k be d(25). Suppose 3*s - 633 = 2*u - 5*u, -5*s - 4*u + 1050 = k. What are the prime factors of s?
2, 103
Suppose 0 = 4*u - w + 51, -5*u + 2*w = -u + 54. Let j(r) = -12*r - 34. Let z be j(u). What are the prime factors of 1 - 1 - 0 - (z - 259)?
149
Let p(i) = 215*i - 59. Let m be p(5). Let b = -505 + m. List the prime factors of b.
7, 73
Let a be (-3)/((-2)/(-5)*96/(-5248)). Let i = a + -73. List the prime factors of i.
337
Let r(i) be the second derivative of -i**3/3 + 5*i**2 - 26*i. What are the prime factors of r(-11)?
2
Let q be 5 - 2 - 0/30. Suppose -7*m + 8*m = -c + 236, q*c = 4*m - 937. What are the prime factors of m?
5, 47
Let n be ((-6)/8*4)/1. Let f(a) = -3*a + 15. Let p be f(-11). List the prime factors of (-1)/n - (-464)/p.
2, 5
Suppose 22*k + 27*k - 124999 = 0. List the prime factors of k.
2551
Let l = -2092 - -6114. List the prime factors of l.
2, 2011
Suppose -s + v - 20 = 0, -s - 28 = -3*v - 4. What are the prime factors of 261 + (8 - (-4 - s))?
3, 5, 17
Let c(o) = 3088*o**2 + 36*o + 20. List the prime factors of c(2).
2, 3, 17, 61
Let u(m) = -3*m**3 + 15*m**2 + 61*m + 4. List the prime factors of u(-17).
18041
Let j = 266 - 260. Let k = 4 + 12. Suppose -4*x = k, 3*r - x = j*r - 17. List the prime factors of r.
7
Suppose 6*l - 9*l = 2*l. Suppose -4*a + 344 = -4*q, l*q = 4*q + 8. Let z = 244 - a. List the prime factors of z.
2, 5
Suppose -i = 4*u + 33, -2*u = -0*u + 2*i + 18. Let v(b) = -b**3 - 5*b**2 + 2*b - 2. What are the prime factors of v(u)?
2, 3, 29
Let p = -55 + 58. Let y be (4/(-3 - 1))/(p/(-9)). Suppose -y*r = -6 - 207. What are the prime factors of r?
71
Let p = 73798 - 38539. List the prime factors of p.
3, 7, 23, 73
Suppose q + d = -93 - 22, -4*d + 500 = -4*q. Let c = q + 293. What are the prime factors of c?
173
What are the prime factors of (15 - -79)*(1 - (-609)/14)?
47, 89
Let a(n) be the first derivative of 5*n**3/3 + 15*n**2 - 3*n + 24. What are the prime factors of a(-7)?
2
Let v = -203 - -209. Let o(w) = -w**2 + 4*w + 23. List the prime factors of o(v).
11
Let w be -2*(-3)/(-14) - 54294/(-21). Suppose -2*s + 5*m = -1007, 4*m + 613 - w = -4*s. List the prime factors of s.
2, 31
Suppose -5*g = 10, 4 = -0*i + 2*i - g. Let k be (2/i)/(24/108). Suppose -140 = -14*l + k*l. List the prime factors of l.
2, 7
Suppose -346508 + 286959 = -29*p + 342739. What are the prime factors of p?
2, 3, 17
Suppose -4*o + 62 = p, 3*o - 8 + 56 = p. Suppose -270 = -5*h - 5*i + 3*i, h + 3*i - p = 0. What are the prime factors of h?
2, 3
Suppose 5*y = 2*s + 24, 5*y + 3*s = 7 + 7. Suppose 2968 = y*v - d, v - 38*d + 40*d = 751. What are the prime factors of v?
743
Suppose -i = -2*h - 0*h - 12450, 24837 = 2*i + 3*h. What are the prime factors of i?
2, 3, 7, 37
Let t be (-8)/20 + ((-114)/(-10) - 2). Let w be (t/(-3) - -2) + 1. Suppose 3*h + w*n - 68 = -2*n, -120 = -5*h - 2*n. What are the prime factors of h?
2, 13
Let w = -98 - -104. What are the prime factors of w/(-8) - (-8 + (-10328)/32)?
2, 3, 5, 11
Suppose -240*l = -246*l + 8760. Let z = l - 1003. What are the prime factors of z?
457
Suppose 2*t + 5*i - 15696 - 4301 = 0, -40009 = -4*t + 5*i. What are the prime factors of t?
73, 137
Suppose f - 765 = 2175. Suppose 8*p - 3412 - f = 0. List the prime factors of p.
2, 397
Let p(g) be the second derivative of 13*g**3/3 + 27*g**2/2 - 36*g. Let a(x) = 77*x + 82. Let r(j) = 4*a(j) - 11*p(j). List the prime factors of r(8).
3, 23
Let r(k) = 18566*k + 326. List the prime factors of r(1).
2, 4723
Suppose 6*i - 8192 = 4*t, -4*i + 5464 = -7*t + 5*t. Suppose i = -2*w + 6*w. What are the prime factors of w?
2, 3, 19
Let o = -43045 - -71466. List the prime factors of o.
97, 293
Let f = 42444 - 13108. What are the prime factors of f?
2, 19, 193
Let c = -23 + 12. Let y be 2/15 - 10416/(-180). Let h = y + c. What are the prime factors of h?
47
Let x(n) = 9*n**3 + n**2 + 5*n + 4. Let d be x(-1). List the prime factors of (-3885)/d + -1 + (-24)/(-72).
431
Suppose -15*u = -17*u + 10. Let k(v) = 29*v + 71. Let c(h) = -14*h - 36. Let o(q) = u*c(q) + 2*k(q). List the prime factors of o(-13).
2, 59
Suppose -5*g - 13622 = 4*x - 80211, -3*x = 5*g - 49948. Suppose -47*j + 36328 + x = 0. What are the prime factors of j?
7, 23
Suppose 4 + 201 = 5*p. Let o = p - 39. Suppose 4*w = -8, o*d = 2*w - 0*w + 136. What are the prime factors of d?
2, 3, 11
Let h(y) = -10*y**3 + 13*y**2 + 19*y. Let q be h(-4). Let x = q + -32. List the prime factors of x.
2, 5, 37
Suppose 5*p - 5977 = -3*o, 0 = -2*o + 7*o + 2*p - 9930. What are the prime factors of o?
2, 31
Suppose 159215 = 5*c + 10*i - 5*i, -31823 = -c + 4*i. What are the prime factors of c?
3, 10613
Suppose 5*l - 3*l = -3*n - 35, 0 = -n - 5. Let o(q) = -q**3 - 3*q**2 + 10*q + 40. List the prime factors of o(l).
2, 5
Suppose 0 = 4*r - 115*o + 120*o - 55729, 3*r - 4*o = 41820. List the prime factors of r.
2, 13, 67
Let i = 56841 - 33816. List the prime factors of i.
3, 5, 307
Let t = 29491 - 12080. What are the prime factors of t?
23, 757
Let q be 6 + -303 + (4 - 4 - 3). List the prime factors of (q/120)/((2/2)/(-146)).
5, 73
Let u(s) = s**3 + 13*s**2 - 2*s - 18. Let r be u(-13). Let p be (-3 + r)/((-1)/(-3)). List the prime factors of (9/p)/(-1) + (-294)/(-15).
19
Suppose 12 = 2*d + 4*x, x - 6 = -d + 6*x. Suppose -d*o = -7*o - 4*i + 38, i + 58 = 2*o. List the prime factors of o.
2, 3, 5
Let q(n) = -880*n + 47. What are the prime factors of q(-6)?
7, 761
What are the prime factors of (-4 - 0)/(219/(-771537))?
2, 13, 271
List the prime factors of -5 - ((-396)/18 - 54048).
5, 11, 983
Let u(d) = 39*d**2 + 390*d - 11. List the prime factors of u(-16).
3733
Let z be 14 + -4 + 3*(-1 + 0). Suppose -6 = -13*w + z*w. What are the prime factors of (-1)/(w/(-41) - 0/(-3))?
41
Let k = 134 + -43. Let r = 96 - k. Suppose r*t + f - 905 = t, 3*f = 15. What are the prime factors of t?
3, 5
Let x(s) = -2651*s**3 + 3*s**2 - 10*s - 31. What are the prime factors of x(-2)?
127, 167
Suppose 5*g - 5*u = g + 119522, 29882 = g - 2*u. What are the prime factors of g?
2, 14939
Let q(s) = 34*s**2 + 389*s + 33. List the prime factors of q(-22).
7, 11, 103
Let k(u) = 2*u**2 + u + 25. Let c = -264 - -246. List the prime factors of k(c).
5, 131
Suppose -2*p - 11*p - 598 = 0. Let x = p + 48. Suppose 2*b - 480 = -x*b. What are the prime factors of b?
2, 3, 5
Suppose -74 - 58 = 6*y. Let l(i) = -45*i - 73. What are the prime factors of l(y)?
7, 131
Suppose 0*z = 5*z + 5*g + 10, 4*g + 12 = 0. Let d be (-308)/z + (-3 + 13)/5. List the prime factors of (1 - 3) + (-2 - d/3).
2, 7
Let v = -113 + 110. What are the prime factors of 3753/(-33)*v - (-4)/(-22)?
11, 31
What are the prime factors of (84475/155)/(36/34 - 1)?
5, 17, 109
Let l = 37274 - 24433. What are the prime factors of l?
12841
Let v(u) = -u**2 - 8*u + 8. Let h be v(-20). Let f = 1453 - h. What are the prime factors of f?
5, 337
Let g be 75 - (21/(-7) - -9). Suppose -7*j = -288 - g. What are the prim